 prime factors of 2816?
2, 11
List the prime factors of 7548.
2, 3, 17, 37
List the prime factors of 1401.
3, 467
What are the prime factors of 5416?
2, 677
List the prime factors of 26019.
3, 7, 59
List the prime factors of 1205.
5, 241
List the prime factors of 18012.
2, 3, 19, 79
What are the prime factors of 10145?
5, 2029
What are the prime factors of 2293?
2293
What are the prime factors of 504?
2, 3, 7
List the prime factors of 1738.
2, 11, 79
What are the prime factors of 46765?
5, 47, 199
What are the prime factors of 1788?
2, 3, 149
What are the prime factors of 5893?
71, 83
What are the prime factors of 3554?
2, 1777
What are the prime factors of 925?
5, 37
List the prime factors of 4801.
4801
List the prime factors of 8207.
29, 283
List the prime factors of 41.
41
What are the prime factors of 477?
3, 53
What are the prime factors of 32143?
32143
What are the prime factors of 26182?
2, 13, 19, 53
List the prime factors of 2754.
2, 3, 17
What are the prime factors of 1591?
37, 43
What are the prime factors of 2738?
2, 37
List the prime factors of 4597.
4597
List the prime factors of 12016.
2, 751
What are the prime factors of 18881?
79, 239
List the prime factors of 1319.
1319
List the prime factors of 65704.
2, 43, 191
List the prime factors of 1681.
41
List the prime factors of 2116.
2, 23
What are the prime factors of 68?
2, 17
What are the prime factors of 89?
89
List the prime factors of 10867.
10867
What are the prime factors of 85843?
85843
List the prime factors of 1171.
1171
What are the prime factors of 362?
2, 181
What are the prime factors of 84483?
3, 7, 149
What are the prime factors of 2909?
2909
What are the prime factors of 612?
2, 3, 17
List the prime factors of 4833.
3, 179
What are the prime factors of 1499?
1499
What are the prime factors of 11805?
3, 5, 787
List the prime factors of 141170.
2, 5, 19, 743
List the prime factors of 35228.
2, 8807
List the prime factors of 63125.
5, 101
List the prime factors of 6888.
2, 3, 7, 41
What are the prime factors of 2937?
3, 11, 89
What are the prime factors of 6508?
2, 1627
List the prime factors of 43774.
2, 43, 509
List the prime factors of 1574.
2, 787
List the prime factors of 5523.
3, 7, 263
List the prime factors of 12323.
12323
List the prime factors of 1491.
3, 7, 71
List the prime factors of 3101.
7, 443
List the prime factors of 41161.
41161
List the prime factors of 4177.
4177
List the prime factors of 11140.
2, 5, 557
What are the prime factors of 803?
11, 73
List the prime factors of 46895.
5, 83, 113
List the prime factors of 880.
2, 5, 11
List the prime factors of 1297.
1297
What are the prime factors of 27927?
3, 29, 107
What are the prime factors of 546?
2, 3, 7, 13
List the prime factors of 365.
5, 73
What are the prime factors of 121594?
2, 11, 5527
What are the prime factors of 174?
2, 3, 29
What are the prime factors of 2066?
2, 1033
List the prime factors of 46687.
46687
List the prime factors of 92004.
2, 3, 11, 17, 41
List the prime factors of 22.
2, 11
List the prime factors of 160.
2, 5
What are the prime factors of 235?
5, 47
What are the prime factors of 960?
2, 3, 5
List the prime factors of 120472.
2, 11, 37
What are the prime factors of 306?
2, 3, 17
What are the prime factors of 401?
401
List the prime factors of 504.
2, 3, 7
What are the prime factors of 11340?
2, 3, 5, 7
List the prime factors of 37943.
19, 1997
What are the prime factors of 17465?
5, 7, 499
List the prime factors of 4626.
2, 3, 257
List the prime factors of 31136.
2, 7, 139
List the prime factors of 16847.
17, 991
List the prime factors of 1080.
2, 3, 5
List the prime factors of 1760.
2, 5, 11
List the prime factors of 38266.
2, 19, 53
What are the prime factors of 14781?
3, 13, 379
What are the prime factors of 10905?
3, 5, 727
List the prime factors of 497.
7, 71
What are the prime factors of 607?
607
What are the prime factors of 59978?
2, 29989
List the prime factors of 61368.
2, 3, 2557
What are the prime factors of 1044?
2, 3, 29
What are the prime factors of 14418?
2, 3, 89
List the prime factors of 2162.
2, 23, 47
What are the prime factors of 2336?
2, 73
List the prime factors of 654.
2, 3, 109
What are the prime factors of 10658?
2, 73
What are the prime factors of 48822?
2, 3, 79, 103
List the prime factors of 64155.
3, 5, 7, 13, 47
List the prime factors of 450.
2, 3, 5
List the prime factors of 1219.
23, 53
List the prime factors of 945.
3, 5, 7
What are the prime factors of 52396?
2, 13099
List the prime factors of 8836.
2, 47
List the prime factors of 668.
2, 167
List the prime factors of 7078.
2, 3539
List the prime factors of 1050.
2, 3, 5, 7
What are the prime factors of 39520?
2, 5, 13, 19
List the prime factors of 454.
2, 227
What are the prime factors of 157831?
157831
What are the prime factors of 161831?
161831
List the prime factors of 1125.
3, 5
List the prime factors of 8578.
2, 4289
What are the prime factors of 1161?
3, 43
What are the prime factors of 1604?
2, 401
What are the prime factors of 833?
7, 17
What are the prime factors of 8756?
2, 11, 199
What are the prime factors of 2089?
2089
List the prime factors of 41157.
3, 17, 269
What are the prime factors of 8506?
2, 4253
What are the prime factors of 11820?
2, 3, 5, 197
List the prime factors of 968.
2, 11
What are the prime factors of 203262?
2, 3, 19, 1783
What are the prime factors of 47007?
3, 1741
What are the prime factors of 23058?
2, 3, 7, 61
List the prime factors of 45936.
2, 3, 11, 29
What are the prime factors of 37487?
19, 1973
What are the prime factors of 258?
2, 3, 43
List the prime factors of 7831.
41, 191
What are the prime factors of 5040?
2, 3, 5, 7
What are the prime factors of 52118?
2, 11, 23, 103
List the prime factors of 5603.
13, 431
List the prime factors of 10464.
2, 3, 109
List the prime factors of 124057.
131, 947
What are the prime factors of 135178?
2, 67589
List the prime factors of 5519.
5519
List the prime factors of 2432.
2, 19
List the prime factors of 8737.
8737
What are the prime factors of 980?
2, 5, 7
What are the prime factors of 62911?
53, 1187
List the prime factors of 909.
3, 101
List the prime factors of 3062.
2, 1531
What are the prime factors of 1445?
5, 17
What are the prime factors of 60193?
7, 8599
List the prime factors of 7893.
3, 877
List the prime factors of 1898.
2, 13, 73
What are the prime factors of 121?
11
What are the prime factors of 29495?
5, 17, 347
List the prime factors of 4777.
17, 281
List the prime factors of 221.
13, 17
List the prime factors of 50600.
2, 5, 11, 23
What are the prime factors of 68764?
2, 17191
What are the prime factors of 1784?
2, 223
What are the prime factors of 6404?
2, 1601
List the prime factors of 1010.
2, 5, 101
List the prime factors of 33638.
2, 11, 139
List the prime factors of 8042.
2, 4021
What are the prime factors of 10096?
2, 631
List the prime factors of 2188.
2, 547
List the prime factors of 45321.
3, 15107
List the prime factors of 860.
2, 5, 43
What are the prime factors of 8774?
2, 41, 107
What are the prime factors of 19573?
23, 37
List the prime factors of 4100.
2, 5, 41
What are the prime factors of 1192?
2, 149
What are the prime factors of 1610?
2, 5, 7, 23
What are the prime factors of 34128?
2, 3, 79
What are the prime factors of 19395?
3, 5, 431
What are the prime factors of 49580?
2, 5, 37, 67
List the prime factors of 17655.
3, 5, 11, 107
List the prime factors of 100732.
2, 25183
List the prime factors of 43679.
31, 1409
List the prime factors of 95429.
95429
List the prime factors of 2838.
2, 3, 11, 43
List the prime factors of 17833.
17, 1049
List the prime factors of 609.
3, 7, 29
List the prime factors of 1315.
5, 263
List the prime factors of 1249.
1249
What are the prime factors of 17?
17
What are the prime factors of 24456?
2, 3, 1019
What are the prime factors of 4987?
4987
What are the prime factors of 135043?
135043
What are the prime factors of 8703?
3, 967
What are the prime factors of 100507?
11, 9137
What are the prime factors of 3018?
2, 3, 503
What are the prime factors of 1271?
31, 41
List the prime factors of 1160.
2, 5, 29
What are the prime factors of 28104?
2, 3, 1171
What are the prime factors of 812?
2, 7, 29
What are the prime factors of 2